) = c**3 + 6*c**2 - 19*c - 10. Let y be w(-8). Let v be (-2)/y - (-6355)/287. Calculate the highest common factor of r and v.
2
Suppose 0 = -3*g - 674 + 683. Suppose 0 = 2*v + 3*u - 765, 3*u = g*v - 360 - 795. What is the highest common factor of v and 24?
24
Let c be 4/7 + (-785600)/(-1120). Calculate the greatest common divisor of c and 52.
26
Let o(d) = 48*d**2 - 249*d - 1191. Let k be o(-5). Calculate the greatest common factor of 330 and k.
66
Suppose 92682 - 10197 = 9*z. What is the greatest common divisor of z and 390?
195
Let v = -4 + 16. Suppose -4*n + f + 53 = 0, n = -6*f + f - 13. Calculate the highest common divisor of v and n.
12
Let l be (-1 + (-5 - -4))*-7. Let b = -110 - -112. Suppose -4*v = -4*c + 76, -4*c - 31 = b*v - 119. What is the greatest common divisor of l and c?
7
Suppose 3*o - 2 + 8 = 0. Let i be 4/3 + ((-4610)/15)/o. Calculate the highest common factor of i and 62.
31
Let q be (2/(-3)*15/(-2))/(-1). Let y be (-13)/q - (-8)/20. Suppose 4*u - 1323 = -5*s - 475, -y*s + 508 = 2*u. What is the greatest common factor of s and 21?
21
Suppose -2*u - 1350 = -11*u. Suppose 154 - 32 = -5*q + 2*n, -u = 5*q + 5*n. Let y be (0 - -16)/(q/(-117)). Calculate the highest common factor of y and 24.
24
Let p = 406 - 894. Let v = 523 + p. Calculate the highest common divisor of 91 and v.
7
Let j(s) = 3*s**2 + 5*s - 2. Let v be j(3). Let k = -127638 - -127888. Calculate the greatest common factor of k and v.
10
Let u be (2 + -4)/(1/(-51)*-6). Let t be (-474)/u - 20/(-170). Suppose 5*p - 31 = 2*z, -p + 2 = 2*z - 9. What is the highest common factor of p and t?
7
Suppose 4*o = 123 + 133. Suppose -r + 2*r - 4*x = 0, -5*x + 20 = 0. Let i = r + -8. Calculate the greatest common divisor of o and i.
8
Let r be (-4 + (-140)/(-8))*8/3. Suppose -2*d - 8 = -g, 34*d - r*d - 40 = -3*g. What is the highest common divisor of 32 and g?
16
Let u be (-17)/(1071/(-28)) + 4/(-9). Let c be 363*(u - 2/(-6)). Calculate the highest common divisor of 11 and c.
11
Suppose 40*h + 39 = 43*h + 3*d, 5*h + 2*d = 47. Let g(k) = -k + 3. Let p be g(0). Calculate the highest common divisor of h and p.
1
Let m = -626 + 325. Let v = m + 314. Calculate the greatest common divisor of v and 169.
13
Let u be 11*(4 + 108/(-33)) - -31. What is the highest common factor of u and 156?
39
Let z = 7 + -3. Let t = -125 + 127. Suppose -2*j = -58*k + 60*k - 20, -2*j + 4 = -t*k. Calculate the highest common factor of j and z.
2
Let c(v) = -v**2 + 8*v - 2. Let f be c(6). Suppose -f*m + 15 + 65 = 0. Let j be m/(-28) + (-552)/(-21). Calculate the highest common divisor of j and 13.
13
Suppose 4*w - 6*w - 128 = -5*a, 2*w + 8 = 0. Let t = 2766 + -2781. Let k = a - t. What is the highest common factor of 39 and k?
39
Suppose 119*w - 585*w = -9461760 - 629936. Calculate the highest common factor of 8 and w.
8
Suppose -11818 = -16*b - 3210. Suppose -b = -22*d + 3004. What is the highest common factor of d and 46?
23
Let q be 4/(-10)*(2 - -58). Let u = 1380 + -1392. Let h be (2*14)/(q/u). What is the highest common divisor of h and 2?
2
Let g(i) = 6*i + 113. Let a be g(38). Calculate the greatest common divisor of 155 and a.
31
Let p = -69 + 75. Suppose 3*t + v - 4 = p, -5*t = -2*v - 13. Suppose -l + 9 = -t. Calculate the highest common divisor of l and 1.
1
Suppose -68*m - 576 = -1582 - 5726. What is the highest common divisor of 187 and m?
11
Suppose -6205 = -27*a - 4*a - 1152. What is the highest common factor of 11573 and a?
163
Let r = -71865 + 71871. Let a be (-5)/(-1) + (1 - 0). Calculate the greatest common factor of r and a.
6
Let i be 1/(-3) - 1286/3. Let s = i - -480. What is the greatest common divisor of 17 and s?
17
Let g = -8244 + 8414. What is the greatest common divisor of g and 4165?
85
Let f = -2842 - -4267. What is the greatest common factor of f and 12?
3
Let n be 1 - ((-6)/18 + 20/(-12)). Let t be ((-10)/n)/((-384)/189 - -2). Calculate the greatest common divisor of 42 and t.
21
Let i be 8*((-16)/40 + 13/20*41). Calculate the highest common factor of i and 465.
15
Suppose -3*a = h - 27659, -2*h + 3*a = -33625 - 21639. Calculate the highest common factor of 211 and h.
211
Let i be (-31 - (-8576)/160) + 14/10. Let d be 2 + (-2)/1 + 36. What is the highest common divisor of d and i?
12
Suppose -574*t - 1392 = -603*t. Calculate the greatest common divisor of 1424 and t.
16
Let q = -442 - -190. Let b = q + 279. Calculate the greatest common divisor of 3 and b.
3
Let q(x) = -x**2 - x + 16. Let k be q(0). Suppose 0 = 12*u - k*u - 8. Let n be u/((-8)/4) + 168. What is the highest common divisor of n and 13?
13
Let x(q) = 2*q**2 - 55*q + 28. Let y(b) = -2*b**2 - 68*b + 98. Let u be y(-35). Let h be x(u). What is the highest common divisor of h and 168?
56
Suppose 4*w - 59 = 2*r + 65, -4*w + r = -130. What is the highest common factor of w and 646?
34
Suppose 0 = -5*s - 2*x + 14321 - 3648, 0 = 5*x + 5. Calculate the highest common divisor of 105 and s.
35
Suppose 4*l + 356 = -64. Let m = 680 + l. What is the highest common factor of m and 25?
25
Let x(t) = 20 - 9 + 11*t + 14*t. Let i be x(12). Suppose -5*s + i = -789. Calculate the greatest common factor of 20 and s.
20
Suppose -4*c + i + 1838 + 1855 = 0, 3*i = -2*c + 1857. What is the highest common factor of 143 and c?
11
Let b = -3 + 11. Suppose b*n = 6*n - 2*w + 406, 1023 = 5*n - 3*w. Let a = -17 - -29. What is the highest common divisor of n and a?
12
Let m(b) be the second derivative of -11*b**3/3 + 115*b**2/2 - b + 9. Let j be m(5). Calculate the highest common divisor of 25 and j.
5
Let j be (14/21)/(3/764) + (-10)/(-45). Suppose 0 = 5*b + b - 612. Calculate the highest common factor of b and j.
34
Suppose -r + 5*a = 2*a - 160, r + 4*a - 132 = 0. Suppose -4*p + 456 = -16*m + 19*m, 5*m + 424 = 4*p. What is the highest common divisor of r and p?
37
Let r = 20325 + -14342. Calculate the highest common divisor of r and 186.
31
Let c(f) be the first derivative of -1/4*f**4 + 0*f**2 + f - 19 + 2*f**3. Let t be c(3). Calculate the greatest common divisor of 224 and t.
28
Suppose 15 + 13 = 2*z. Let v(o) = -2*o + 75. Let w be v(36). Suppose -93 = -w*k - 87. What is the highest common factor of z and k?
2
Suppose 35 = 2*r + 5. Let p be 20/6*((-264)/20)/(-11). Suppose t - r = -p*h, h - 3*h = t - 9. What is the highest common factor of 2 and h?
1
Let h(x) = -x**3 + 4*x**2 + 2*x + 1. Suppose 2*m = -247 - 17. Let y = 136 + m. Let q be h(y). Calculate the highest common divisor of 99 and q.
9
Suppose 3*c - 5307 = -10*c + 244917. Calculate the highest common factor of 12 and c.
12
Let t(h) = -2028*h**3 + 3*h**2 - 54*h - 165. Let q be t(-3). Calculate the highest common divisor of 60 and q.
60
Let v(h) = 120*h - 746. Let k be v(15). Calculate the highest common factor of k and 186.
62
Suppose 0 = 5*m - k - 1139, -5*k = 1 - 6. Calculate the highest common factor of 156 and m.
12
Suppose 702 = 4*f - 2*k - 228, 2*k = 6. Suppose -2*m = 5*z - f, z - 320 = -5*m + 265. Calculate the highest common divisor of m and 195.
39
Let d(r) = -15*r**3 + 6*r**2 + 26*r + 89. Let v be d(-3). What is the greatest common factor of 20 and v?
10
Let b(y) = y**2 + 26*y - 6. Let q be b(-29). Let h = 151 - q. Calculate the highest common divisor of 14 and h.
14
Suppose 7*i - 39 = -18. Suppose 12*k - i*k - 162 = 0. Calculate the highest common divisor of 90 and k.
18
Suppose -b + 9302 = 5*d + 557, 3*b - 26163 = 3*d. What is the greatest common divisor of b and 25?
25
Let r = 480 - 403. Let y(v) = 1 - 10 - 14 + 5 + 8*v. Let g be y(5). What is the highest common factor of r and g?
11
Let h = -473 - -326. Let g be ((-429)/7)/(-3) - (-63)/h. Suppose 2*w - 160 = -s - s, -4*s + 320 = -4*w. Calculate the highest common divisor of g and s.
20
Let x(y) = y**2 + 2*y - 6. Let q be x(2). Suppose a - 2*u - 8 = -0*a, -4*u - 8 = 2*a. Let j be a/6*-3 + 13. Calculate the highest common divisor of q and j.
2
Let j(y) = -y**2 - 42*y + 1036. Let c be j(-56). What is the highest common divisor of c and 720?
36
Suppose 4*u = 5*l + 51 - 297, 0 = -2*l + 3*u + 90. Suppose -2*n - n = -1539. What is the greatest common factor of n and l?
27
Suppose 6*m - 95 = -13*m. Let s be (m + -2)*20/(-20) + 4. Suppose -d = -4*f - 4*d + 37, f + 2*d - 13 = 0. Calculate the highest common divisor of s and f.